{"id":141,"date":"2018-09-03T17:57:50","date_gmt":"2018-09-03T15:57:50","guid":{"rendered":"http:\/\/hmd-cms.hr\/u-drustvu-mikroba\/?page_id=141"},"modified":"2019-10-30T08:49:29","modified_gmt":"2019-10-30T07:49:29","slug":"project-team","status":"publish","type":"page","link":"http:\/\/hmd-cms.hr\/u-drustvu-mikroba\/en\/project-team\/","title":{"rendered":"Project Team"},"content":{"rendered":"<h4>Project leader:<\/h4>\n<h5>Croatian Microbiological Society (CMS)<\/h5>\n<ul>\n<li>prof. Dijana \u0160kori\u0107, PhD (coordinator)<\/li>\n<li>Lidija \u0110evoi\u0107 (project manager, since August 1, 2019)<\/li>\n<li>Dubravka Kuki\u0107 (project manager until July 31, 2019)<\/li>\n<li>prof. Roberto Antolovi\u0107, PhD (volunteer)<\/li>\n<li>Ivana Babi\u0107, PhD (volunteer)<\/li>\n<li>Marija Duvnjak, PhD (volunteer)<\/li>\n<li>Domagoj Kifer (volunteer)<\/li>\n<\/ul>\n<p>&nbsp;<\/p>\n<h4>Partners:<\/h4>\n<h5>Bioteka &#8211; an association for promotion of biology and related sciences<\/h5>\n<ul>\n<li>Kristina Duvnjak, prof. of biology (assistant)<\/li>\n<li>Jelena Liki\u0107, prof. of biology (assistant)<\/li>\n<li>Hrvoje Mali\u0107, prof. of biology (volunteer)<\/li>\n<li>Mia \u0160ep\u010devi\u0107 (assistant)<\/li>\n<\/ul>\n<p>&nbsp;<\/p>\n<h5>BIUS \u2013 an association of biology students<\/h5>\n<ul>\n<li>Katarina Terlevi\u0107 (volunteer),<\/li>\n<li>Marija Vuk (volunteer)<\/li>\n<\/ul>\n<p>&nbsp;<\/p>\n<h5>Catholic University of Croatia (HKS)<\/h5>\n<ul>\n<li>assist. prof. Suzana Bukovski, PhD (mentor)\n<ul>\n<li>Nina Bjeli\u0161 (student)<\/li>\n<li>Josipa Pari\u0107 (student)<\/li>\n<li>Paula Stier (student)<\/li>\n<\/ul>\n<\/li>\n<\/ul>\n<p>&nbsp;<\/p>\n<h5>Faculty of Food Technology and Biotechnology, University of Zagreb<\/h5>\n<ul>\n<li>assist. prof. Ana Bielen, PhD (mentor)\n<ul>\n<li>Ivana \u010cakari\u0107\u00a0(student)<\/li>\n<li>Ana Davidovi\u0107\u00a0(student)<\/li>\n<li>Tomislava Grgi\u0107\u00a0(student)<\/li>\n<li>Anica Juri\u0161i\u0107\u00a0(student)<\/li>\n<li>Edina Numanovi\u0107\u00a0(student)<\/li>\n<\/ul>\n<\/li>\n<\/ul>\n<p>&nbsp;<\/p>\n<ul>\n<li>prof. Bla\u017eenka Kos, PhD (mentor)\n<ul>\n<li>Ivona \u010cupi\u0107\u00a0(student)<\/li>\n<li>Ana Novak\u00a0(student)<\/li>\n<li>Emili Vidan\u00a0(student)<\/li>\n<\/ul>\n<\/li>\n<\/ul>\n<p>&nbsp;<\/p>\n<ul>\n<li>Deni Kostelac, mag ing. (mentor)\n<ul>\n<li>Mia Bokuli\u0107\u00a0(student)<\/li>\n<li>Klara \u010culjak\u00a0(student)<\/li>\n<li>Patricija Kres\u00a0(student)<\/li>\n<li>Daria Pranji\u0107\u00a0(student)<\/li>\n<li>Mislav Su\u0161ac\u00a0(student)<\/li>\n<li>Jasna \u017dibert\u00a0(student)<\/li>\n<\/ul>\n<\/li>\n<\/ul>\n<p>&nbsp;<\/p>\n<ul>\n<li>assist. prof. Andreja Lebo\u0161 Pavunc, PhD (mentor)\n<ul>\n<li>Maria Jur\u010devi\u0107\u00a0(student)<\/li>\n<li>Zora Kelemen\u00a0(student)<\/li>\n<li>Antonia Stipi\u0107\u00a0(student)<\/li>\n<li>Marina Strinavi\u0107\u00a0(student)<\/li>\n<\/ul>\n<\/li>\n<\/ul>\n<p>&nbsp;<\/p>\n<h5>Faculty of Medicine, University of Rijeka<\/h5>\n<ul>\n<li>prof. Maja Abram, PhD (mentor)\n<ul>\n<li>Gabriela Bonda(student)<\/li>\n<li>Karla Gori\u010danec (student)<\/li>\n<li>Katarina Marija Kobe\u0161\u010dak (student)<\/li>\n<li>Danijel Lugonji\u0107 (student)<\/li>\n<\/ul>\n<\/li>\n<\/ul>\n<p>&nbsp;<\/p>\n<ul>\n<li>assist. prof. Ivana Gobin, PhD (mentor)\n<ul>\n<li>Linda Jerini\u0107\u00a0(student)<\/li>\n<li>Lucija Larma\u00a0(student)<\/li>\n<li>Silvestar Me\u017enari\u0107\u00a0(student)<\/li>\n<li>Paola Tijan\u00a0(student)<\/li>\n<\/ul>\n<\/li>\n<\/ul>\n<p>&nbsp;<\/p>\n<h5>Faculty of Science, University of Zagreb<\/h5>\n<ul>\n<li>assist. prof. Silvija \u010cerni, PhD (mentor),\n<ul>\n<li>Daniel \u010coli\u0107\u00a0(student)<\/li>\n<li>Josipa \u010conka\u0161\u00a0(student)<\/li>\n<li>Sara Ple\u0161e\u00a0(student)<\/li>\n<li>Mihaela Pravica\u00a0(student)<\/li>\n<li>Valentina Runko\u00a0(student)<\/li>\n<li>Iva \u017dulj\u00a0(student)<\/li>\n<\/ul>\n<\/li>\n<\/ul>\n<p>&nbsp;<\/p>\n<ul>\n<li>assoc. prof. Ines Radanovi\u0107, PhD (educator)<\/li>\n<\/ul>\n<p>&nbsp;<\/p>\n<h5>Faculty of Veterinary Medicine, University of Zagreb<\/h5>\n<ul>\n<li>prof. Ljiljana Pinter, PhD (mentor)\n<ul>\n<li>Josipa Lovasi\u0107\u00a0(student)<\/li>\n<li>Petra Luna Kokanovi\u0107\u00a0(student)<\/li>\n<li>Mislav Unger\u00a0(student)<\/li>\n<\/ul>\n<\/li>\n<\/ul>\n","protected":false},"excerpt":{"rendered":"<p>Project leader: Croatian Microbiological Society (CMS) prof. Dijana \u0160kori\u0107, PhD (coordinator) Lidija \u0110evoi\u0107 (project manager, since August 1, 2019) Dubravka Kuki\u0107 (project manager until July 31, 2019) prof. Roberto Antolovi\u0107, PhD (volunteer) Ivana Babi\u0107, PhD (volunteer) Marija Duvnjak, PhD (volunteer) Domagoj Kifer (volunteer) &nbsp; Partners: Bioteka &#8211; an association for promotion of biology and related [&hellip;]<\/p>\n","protected":false},"author":1,"featured_media":0,"parent":0,"menu_order":0,"comment_status":"closed","ping_status":"closed","template":"","meta":{"footnotes":""},"class_list":["post-141","page","type-page","status-publish","hentry"],"_links":{"self":[{"href":"http:\/\/hmd-cms.hr\/u-drustvu-mikroba\/wp-json\/wp\/v2\/pages\/141","targetHints":{"allow":["GET"]}}],"collection":[{"href":"http:\/\/hmd-cms.hr\/u-drustvu-mikroba\/wp-json\/wp\/v2\/pages"}],"about":[{"href":"http:\/\/hmd-cms.hr\/u-drustvu-mikroba\/wp-json\/wp\/v2\/types\/page"}],"author":[{"embeddable":true,"href":"http:\/\/hmd-cms.hr\/u-drustvu-mikroba\/wp-json\/wp\/v2\/users\/1"}],"replies":[{"embeddable":true,"href":"http:\/\/hmd-cms.hr\/u-drustvu-mikroba\/wp-json\/wp\/v2\/comments?post=141"}],"version-history":[{"count":8,"href":"http:\/\/hmd-cms.hr\/u-drustvu-mikroba\/wp-json\/wp\/v2\/pages\/141\/revisions"}],"predecessor-version":[{"id":412,"href":"http:\/\/hmd-cms.hr\/u-drustvu-mikroba\/wp-json\/wp\/v2\/pages\/141\/revisions\/412"}],"wp:attachment":[{"href":"http:\/\/hmd-cms.hr\/u-drustvu-mikroba\/wp-json\/wp\/v2\/media?parent=141"}],"curies":[{"name":"wp","href":"https:\/\/api.w.org\/{rel}","templated":true}]}}