{"id":543,"date":"2017-08-03T20:14:27","date_gmt":"2017-08-03T18:14:27","guid":{"rendered":"https:\/\/hmd-cms.hr\/cesar2025\/?page_id=543"},"modified":"2025-09-23T13:03:35","modified_gmt":"2025-09-23T11:03:35","slug":"organisers","status":"publish","type":"page","link":"https:\/\/hmd-cms.hr\/cesar2025\/organisers\/","title":{"rendered":"Organisers"},"content":{"rendered":"<table style=\"border-collapse: collapse; width: 100%;\" border=\"1\">\n<tbody>\n<tr>\n<td style=\"width: 50%;\">\n<ul>\n<li>Croatian Microbiological Society<\/li>\n<\/ul>\n<\/td>\n<\/tr>\n<tr>\n<td style=\"width: 50%;\"><img loading=\"lazy\" decoding=\"async\" class=\"alignnone wp-image-934\" src=\"https:\/\/hmd-cms.hr\/cesar2025\/wp-content\/uploads\/hmd-logo.jpg\" alt=\"\" width=\"150\" height=\"150\" \/><\/td>\n<\/tr>\n<\/tbody>\n<\/table>\n<p>&nbsp;<\/p>\n<h3>Co-organisers:<\/h3>\n<table style=\"border-collapse: collapse; width: 100%;\" border=\"1\">\n<tbody>\n<tr>\n<td style=\"width: 50%;\">\n<ul>\n<li>Czechoslovak Society for Microbiology<\/li>\n<\/ul>\n<\/td>\n<td style=\"width: 49.9325%;\">\n<ul>\n<li>Hungarian Society for Microbiology (HSM)<\/li>\n<\/ul>\n<\/td>\n<\/tr>\n<tr>\n<td style=\"width: 50%;\"><img loading=\"lazy\" decoding=\"async\" class=\"alignnone wp-image-722\" src=\"https:\/\/hmd-cms.hr\/cesar2025\/wp-content\/uploads\/cssm-logo-300x300.png\" alt=\"\" width=\"150\" height=\"150\" srcset=\"https:\/\/hmd-cms.hr\/cesar2025\/wp-content\/uploads\/cssm-logo-300x300.png 300w, https:\/\/hmd-cms.hr\/cesar2025\/wp-content\/uploads\/cssm-logo-150x150.png 150w, https:\/\/hmd-cms.hr\/cesar2025\/wp-content\/uploads\/cssm-logo-210x210.png 210w, https:\/\/hmd-cms.hr\/cesar2025\/wp-content\/uploads\/cssm-logo-267x267.png 267w, https:\/\/hmd-cms.hr\/cesar2025\/wp-content\/uploads\/cssm-logo-164x164.png 164w, https:\/\/hmd-cms.hr\/cesar2025\/wp-content\/uploads\/cssm-logo.png 310w\" sizes=\"auto, (max-width: 150px) 100vw, 150px\" \/><\/td>\n<td style=\"width: 49.9325%;\"><img loading=\"lazy\" decoding=\"async\" class=\"alignnone wp-image-1366\" src=\"https:\/\/hmd-cms.hr\/cesar2025\/wp-content\/uploads\/hungarian_society_for_microbiology.gif\" alt=\"\" width=\"150\" height=\"150\" \/><\/td>\n<\/tr>\n<tr>\n<td style=\"width: 50%;\">\n<ul>\n<li>Slovenian Microbiological Society<\/li>\n<\/ul>\n<\/td>\n<td style=\"width: 49.9325%;\"><\/td>\n<\/tr>\n<tr>\n<td style=\"width: 50%;\"><img loading=\"lazy\" decoding=\"async\" class=\"alignnone wp-image-1364\" src=\"https:\/\/hmd-cms.hr\/cesar2025\/wp-content\/uploads\/LOGOTIP-SMD-ENGLISH1-1-300x300.png\" alt=\"\" width=\"150\" height=\"150\" srcset=\"https:\/\/hmd-cms.hr\/cesar2025\/wp-content\/uploads\/LOGOTIP-SMD-ENGLISH1-1-300x300.png 300w, https:\/\/hmd-cms.hr\/cesar2025\/wp-content\/uploads\/LOGOTIP-SMD-ENGLISH1-1-150x150.png 150w, https:\/\/hmd-cms.hr\/cesar2025\/wp-content\/uploads\/LOGOTIP-SMD-ENGLISH1-1-210x210.png 210w, https:\/\/hmd-cms.hr\/cesar2025\/wp-content\/uploads\/LOGOTIP-SMD-ENGLISH1-1-267x267.png 267w, https:\/\/hmd-cms.hr\/cesar2025\/wp-content\/uploads\/LOGOTIP-SMD-ENGLISH1-1-460x460.png 460w, https:\/\/hmd-cms.hr\/cesar2025\/wp-content\/uploads\/LOGOTIP-SMD-ENGLISH1-1-164x164.png 164w, https:\/\/hmd-cms.hr\/cesar2025\/wp-content\/uploads\/LOGOTIP-SMD-ENGLISH1-1.png 472w\" sizes=\"auto, (max-width: 150px) 100vw, 150px\" \/><\/td>\n<td style=\"width: 49.9325%;\"><\/td>\n<\/tr>\n<\/tbody>\n<\/table>\n<p>&nbsp;<\/p>\n<p><strong>PRESIDENT OF THE SYMPOSIUM<\/strong><\/p>\n<ul>\n<li>Roberto Antolovi\u0107<\/li>\n<\/ul>\n<p><strong>SECRETARY OF THE SYMPOSIUM<\/strong><\/p>\n<ul>\n<li>Manuela Zadravec<\/li>\n<\/ul>\n<p><strong>TREASURER OF THE SYMPOSIUM<\/strong><\/p>\n<ul>\n<li>Marina Mikleni\u0107<\/li>\n<\/ul>\n<p>&nbsp;<\/p>\n<h4>Organizing Committee<\/h4>\n<ul>\n<li>Roberto Antolovi\u0107, president of the Congress<\/li>\n<li>Dubravko Jeli\u0107, president of the Organising Committee<\/li>\n<li>Manuela Zadravec, secretary<\/li>\n<li>Marina Svetec Mikleni\u0107, treasurer<\/li>\n<li>Ivana Rajnovi\u0107<\/li>\n<li>Domagoj Kifer<\/li>\n<li>Martina Bani\u0107<\/li>\n<\/ul>\n<p>&nbsp;<\/p>\n<h4>International Scientific Committee<\/h4>\n<ul>\n<li>Gordana Maravi\u0107 Vlahovi\u010dek, president (Croatia)<\/li>\n<li>Sebastian G. B. Amyes (United Kingdom)<\/li>\n<li>Fernando Baquero (Spain)<\/li>\n<li>Miguel C\u00e1mara (United Kingdom)<\/li>\n<li>Bruno Gonzalez-Zorn (Spain)<\/li>\n<li>Luca Guardabassi (Denmark)<\/li>\n<li>Maja \u0160egvi\u0107 Klari\u0107 (Croatia)<\/li>\n<li>Nikolina Udikovi\u0107 Koli\u0107 (Croatia)<\/li>\n<\/ul>\n<p>&nbsp;<\/p>\n<p>&nbsp;<\/p>\n<p><strong>Force majeure<\/strong><\/p>\n<p>In case of force majeure (defined as any event or circumstance that is clearly outside the control of Symposium organizers; such as, but not limited to, war, strike, terrorism or threat of terrorism,\u00a0 epidemics or outbreaks, fire and other \u201cacts of God\u201d), the CESAR2025 conference organizers have the right to alter or cancel the conference without previous notice. The organizers shall not be liable for any damages and losses or any other participants, sponsors and supporters inconveniences or costs caused by such modification or cancellation of the Symposium.<\/p>\n","protected":false},"excerpt":{"rendered":"<p>Croatian Microbiological Society &nbsp; Co-organisers: Czechoslovak Society for Microbiology Hungarian Society for Microbiology (HSM) Slovenian Microbiological Society &nbsp; PRESIDENT OF THE SYMPOSIUM Roberto Antolovi\u0107 SECRETARY OF THE SYMPOSIUM Manuela Zadravec TREASURER OF THE SYMPOSIUM Marina Mikleni\u0107 &nbsp; Organizing Committee Roberto Antolovi\u0107, president of the Congress Dubravko Jeli\u0107, president of the Organising Committee Manuela Zadravec, secretary [&hellip;]<\/p>\n","protected":false},"author":1,"featured_media":0,"parent":0,"menu_order":0,"comment_status":"closed","ping_status":"closed","template":"","meta":{"_acf_changed":false,"footnotes":""},"class_list":["post-543","page","type-page","status-publish","hentry"],"acf":[],"_links":{"self":[{"href":"https:\/\/hmd-cms.hr\/cesar2025\/wp-json\/wp\/v2\/pages\/543","targetHints":{"allow":["GET"]}}],"collection":[{"href":"https:\/\/hmd-cms.hr\/cesar2025\/wp-json\/wp\/v2\/pages"}],"about":[{"href":"https:\/\/hmd-cms.hr\/cesar2025\/wp-json\/wp\/v2\/types\/page"}],"author":[{"embeddable":true,"href":"https:\/\/hmd-cms.hr\/cesar2025\/wp-json\/wp\/v2\/users\/1"}],"replies":[{"embeddable":true,"href":"https:\/\/hmd-cms.hr\/cesar2025\/wp-json\/wp\/v2\/comments?post=543"}],"version-history":[{"count":54,"href":"https:\/\/hmd-cms.hr\/cesar2025\/wp-json\/wp\/v2\/pages\/543\/revisions"}],"predecessor-version":[{"id":1532,"href":"https:\/\/hmd-cms.hr\/cesar2025\/wp-json\/wp\/v2\/pages\/543\/revisions\/1532"}],"wp:attachment":[{"href":"https:\/\/hmd-cms.hr\/cesar2025\/wp-json\/wp\/v2\/media?parent=543"}],"curies":[{"name":"wp","href":"https:\/\/api.w.org\/{rel}","templated":true}]}}