{"id":616,"date":"2017-09-27T11:02:29","date_gmt":"2017-09-27T09:02:29","guid":{"rendered":"http:\/\/hmd-cms.hr\/power-of-viruses-2024\/?page_id=616"},"modified":"2024-09-20T14:11:55","modified_gmt":"2024-09-20T12:11:55","slug":"fees-and-accommodation","status":"publish","type":"page","link":"https:\/\/hmd-cms.hr\/power-of-viruses-2024\/fees-and-accommodation\/","title":{"rendered":"Fees and Accommodation"},"content":{"rendered":"<p>&nbsp;<\/p>\n<h3><strong>Registration fee<\/strong><\/h3>\n<p>Registration fee will cover:<\/p>\n<table style=\"height: 216px;\" border=\"0\" width=\"100%\" cellspacing=\"0\" cellpadding=\"0\">\n<tbody>\n<tr style=\"height: 48px;\">\n<th style=\"height: 48px;\"><span style=\"color: #000000;\"><strong>Covers<\/strong><\/span><\/th>\n<th style=\"height: 48px;\"><span style=\"color: #000000;\"><strong>Full registration fee<\/strong><\/span><\/th>\n<th style=\"height: 48px;\"><span style=\"color: #000000;\"><strong>Student fee<\/strong><\/span><\/th>\n<th style=\"height: 48px;\"><span style=\"color: #000000;\"><strong>Accompanying persons fee<\/strong><\/span><\/th>\n<\/tr>\n<tr style=\"height: 24px;\">\n<td style=\"height: 24px;\">Admission to the lectures<\/td>\n<td style=\"text-align: center; height: 24px;\"><strong>+<\/strong><\/td>\n<td style=\"text-align: center; height: 24px;\"><strong>+<\/strong><\/td>\n<td style=\"text-align: center; height: 24px;\">&#8211;<\/td>\n<\/tr>\n<tr style=\"height: 24px;\">\n<td style=\"height: 24px;\">Book of abstracts<\/td>\n<td style=\"text-align: center; height: 24px;\"><strong>+<\/strong><\/td>\n<td style=\"text-align: center; height: 24px;\"><strong>+<\/strong><\/td>\n<td style=\"text-align: center; height: 24px;\">&#8211;<\/td>\n<\/tr>\n<tr style=\"height: 24px;\">\n<td style=\"height: 24px;\">Welcome reception<\/td>\n<td style=\"text-align: center; height: 24px;\"><strong>+<\/strong><\/td>\n<td style=\"text-align: center; height: 24px;\"><strong>+<\/strong><\/td>\n<td style=\"text-align: center; height: 24px;\"><strong>+<\/strong><\/td>\n<\/tr>\n<tr style=\"height: 48px;\">\n<td style=\"height: 48px;\">Refreshments and coffee during breaks<\/td>\n<td style=\"text-align: center; height: 48px;\"><strong>+<\/strong><\/td>\n<td style=\"text-align: center; height: 48px;\"><strong>+<\/strong><\/td>\n<td style=\"text-align: center; height: 48px;\"><strong>+<\/strong><\/td>\n<\/tr>\n<tr style=\"height: 24px;\">\n<td style=\"height: 24px;\">Eligibility for special accommodation<\/td>\n<td style=\"text-align: center; height: 24px;\"><strong>+<\/strong><\/td>\n<td style=\"text-align: center; height: 24px;\"><strong>+<\/strong><\/td>\n<td style=\"text-align: center; height: 24px;\"><strong>+<\/strong><\/td>\n<\/tr>\n<tr style=\"height: 24px;\">\n<td style=\"height: 24px;\"><a href=\"https:\/\/hmd-cms.hr\/power-of-viruses-2024\/news\/excursion-2\/\">Excursion and Symposium gala dinner<\/a><\/td>\n<td style=\"text-align: center; height: 24px;\"><strong>+<\/strong><\/td>\n<td style=\"text-align: center; height: 24px;\">&#8211;<\/td>\n<td style=\"text-align: center; height: 24px;\">&#8211;<\/td>\n<\/tr>\n<\/tbody>\n<\/table>\n<p>&nbsp;<\/p>\n<p><strong>Early registration fees:<\/strong> before <del>July 1<\/del> July 15, 2024. <a href=\"http:\/\/hmd-cms.hr\/power-of-viruses-2024\/registration\/\">Register now!<\/a><\/p>\n<table border=\"0\" width=\"100%\" cellspacing=\"0\" cellpadding=\"0\">\n<tbody>\n<tr>\n<td width=\"44%\"><strong>Type of fee<\/strong><\/td>\n<td width=\"28%\">\n<p align=\"right\"><strong>Before July 15, 2024<\/strong><\/p>\n<\/td>\n<td width=\"28%\">\n<p align=\"right\"><strong>After July 15, 2024<\/strong><\/p>\n<\/td>\n<\/tr>\n<tr>\n<td><strong>Full registration fee<\/strong><\/td>\n<td>\n<p align=\"right\">400 \u20ac (3.012,00 kn)<\/p>\n<\/td>\n<td>\n<p align=\"right\">450 \u20ac (3.388,50 kn)<\/p>\n<\/td>\n<\/tr>\n<tr>\n<td><strong>Student fee<\/strong><\/td>\n<td>\n<p align=\"right\">150 \u20ac (1.129,50 kn)<\/p>\n<\/td>\n<td>\n<p align=\"right\">200 \u20ac (1.506,00 kn)<\/p>\n<\/td>\n<\/tr>\n<tr>\n<td><strong>Accompanying persons fee<\/strong><\/td>\n<td>\n<p align=\"right\">100 \u20ac (753,00 kn)<\/p>\n<\/td>\n<td>\n<p align=\"right\">120 \u20ac (904,00 kn)<\/p>\n<\/td>\n<\/tr>\n<tr>\n<td><strong>On-site full registration (cash only)<\/strong><\/td>\n<td><\/td>\n<td>\n<p align=\"right\">500 \u20ac (3.765,00 kn)<\/p>\n<\/td>\n<\/tr>\n<\/tbody>\n<\/table>\n<p>&nbsp;<\/p>\n<h3>Payments<\/h3>\n<p>Payments must be made in advance in order to process registration\/abstracts\/conference dinner.<\/p>\n<p>Payments should be done by BANK TRANSFER (please quote PowerofViruses2024, with your name and surname) in bank transfer details at:<\/p>\n<p style=\"padding-left: 40px;\">ONE TRAVEL d.o.o.<br \/>\nStenjev\u010dica 7<br \/>\nZagreb<br \/>\nOIB : 62614122064<\/p>\n<p style=\"padding-left: 40px;\">IBAN: <strong>HR6423600001102924914<\/strong><br \/>\nSWIFT CODE: ZABAHR2X<br \/>\nDescription: <strong>PowerofViruses2024 &#8211; Name and Surname<\/strong><\/p>\n<p>&nbsp;<\/p>\n<table border=\"0\" width=\"100%\" cellspacing=\"0\" cellpadding=\"0\">\n<tbody>\n<tr>\n<td width=\"50%\"><strong>Type of payment<\/strong><\/td>\n<td width=\"50%\">\n<p align=\"right\"><strong>Payment information<\/strong><\/p>\n<\/td>\n<\/tr>\n<tr>\n<td><strong>Payment in Euros<\/strong><\/td>\n<td>\n<p align=\"right\">ONE TRAVEL d.o.o.<br \/>\nIBAN: <strong>HR6423600001102924914<\/strong><br \/>\nSWIFT: ZABAHR2X<br \/>\n(Description: <strong>PowerofViruses2024 &#8211; Name and Surname<\/strong>)<\/p>\n<\/td>\n<\/tr>\n<\/tbody>\n<\/table>\n<p>&nbsp;<\/p>\n<p>A confirmation e-mail will be sent upon receipt of payment.<\/p>\n<p>&nbsp;<\/p>\n<h5><strong>On-site Registration and Payment<\/strong><\/h5>\n<p>Please note that on-site registration and payment (late registration fees are applicable) will only be possible at the registration desk in euros. No credit cards or foreign currency will be accepted.<\/p>\n<p>&nbsp;<\/p>\n<h5><strong>Cancellation Refund Policy<\/strong><\/h5>\n<p>A refund of the registration fee minus 50 EUR for administration costs will be granted if notification of cancellation reaches the Meeting Secretariat in writing (symposium contact mail or secretary\u2019s mail) before August 21, 2024. After this date, cancellations will not be refunded. Refunds by bank transfer will be processed after the symposium.<\/p>\n<p>&nbsp;<\/p>\n<p>&nbsp;<\/p>\n<h3><strong>Venue &amp; Accommodation<\/strong><\/h3>\n<p>&nbsp;<\/p>\n<h5>Hotel Kolovare, Zadar<\/h5>\n<p><img loading=\"lazy\" decoding=\"async\" class=\"alignnone size-full wp-image-874\" src=\"http:\/\/hmd-cms.hr\/power-of-viruses-2024\/wp-content\/uploads\/hotel-zadar-3.jpg\" alt=\"\" width=\"1120\" height=\"460\" srcset=\"https:\/\/hmd-cms.hr\/power-of-viruses-2024\/wp-content\/uploads\/hotel-zadar-3.jpg 1120w, https:\/\/hmd-cms.hr\/power-of-viruses-2024\/wp-content\/uploads\/hotel-zadar-3-300x123.jpg 300w, https:\/\/hmd-cms.hr\/power-of-viruses-2024\/wp-content\/uploads\/hotel-zadar-3-1024x421.jpg 1024w, https:\/\/hmd-cms.hr\/power-of-viruses-2024\/wp-content\/uploads\/hotel-zadar-3-768x315.jpg 768w, https:\/\/hmd-cms.hr\/power-of-viruses-2024\/wp-content\/uploads\/hotel-zadar-3-315x129.jpg 315w, https:\/\/hmd-cms.hr\/power-of-viruses-2024\/wp-content\/uploads\/hotel-zadar-3-400x164.jpg 400w, https:\/\/hmd-cms.hr\/power-of-viruses-2024\/wp-content\/uploads\/hotel-zadar-3-800x329.jpg 800w\" sizes=\"auto, (max-width: 1120px) 100vw, 1120px\" \/><\/p>\n<p>The symposium will be held at the Hotel Kolovare, Zadar.<\/p>\n<p><strong>Address:<\/strong> Bo\u017ee Peri\u010di\u0107a 14, 23 000 Zadar, Croatia<\/p>\n<p><strong>Website:\u00a0<\/strong> <a href=\"https:\/\/www.hotel-kolovare.com\" target=\"_blank\" rel=\"noopener\">www.hotel-kolovare.com<\/a><\/p>\n<p>The Organizing Committee has secured special rates for participants and their accompanying persons.<\/p>\n<p>&nbsp;<\/p>\n<h4>Accommodation booking<\/h4>\n<p>All accommodation bookings should be made directly with Hotel Kolovare in two ways:<\/p>\n<p>\u2022 Directly at info@hotel-kolovare.com or maja.kolovare@hoteli-zadar.hr, with a reference to the symposium &#8216;Power of Viruses 2024&#8217;<\/p>\n<p>or<\/p>\n<p>\u2022 Online, using the code POV2024, on the website https:\/\/hotel-kolovare.com\/, where you enter the arrival and departure dates and make sure you enter the code POV2024. If you click on &#8216;Book now&#8217;, you will be redirected to the landing page with the agreed prices for the congress and the choice of room type.<\/p>\n<p>&nbsp;<\/p>\n<p>Please note that there is a limited number of rooms and participants are advised to book their accommodation as early as possible or the Organizing Committee cannot guarantee their accommodation.<\/p>\n","protected":false},"excerpt":{"rendered":"<p>&nbsp; Registration fee Registration fee will cover: Covers Full registration fee Student fee Accompanying persons fee Admission to the lectures + + &#8211; Book of abstracts + + &#8211; Welcome reception + + + Refreshments and coffee during breaks + + + Eligibility for special accommodation + + + Excursion and Symposium gala dinner + [&hellip;]<\/p>\n","protected":false},"author":1,"featured_media":0,"parent":0,"menu_order":0,"comment_status":"closed","ping_status":"closed","template":"","meta":{"footnotes":""},"class_list":["post-616","page","type-page","status-publish","hentry"],"_links":{"self":[{"href":"https:\/\/hmd-cms.hr\/power-of-viruses-2024\/wp-json\/wp\/v2\/pages\/616","targetHints":{"allow":["GET"]}}],"collection":[{"href":"https:\/\/hmd-cms.hr\/power-of-viruses-2024\/wp-json\/wp\/v2\/pages"}],"about":[{"href":"https:\/\/hmd-cms.hr\/power-of-viruses-2024\/wp-json\/wp\/v2\/types\/page"}],"author":[{"embeddable":true,"href":"https:\/\/hmd-cms.hr\/power-of-viruses-2024\/wp-json\/wp\/v2\/users\/1"}],"replies":[{"embeddable":true,"href":"https:\/\/hmd-cms.hr\/power-of-viruses-2024\/wp-json\/wp\/v2\/comments?post=616"}],"version-history":[{"count":41,"href":"https:\/\/hmd-cms.hr\/power-of-viruses-2024\/wp-json\/wp\/v2\/pages\/616\/revisions"}],"predecessor-version":[{"id":1215,"href":"https:\/\/hmd-cms.hr\/power-of-viruses-2024\/wp-json\/wp\/v2\/pages\/616\/revisions\/1215"}],"wp:attachment":[{"href":"https:\/\/hmd-cms.hr\/power-of-viruses-2024\/wp-json\/wp\/v2\/media?parent=616"}],"curies":[{"name":"wp","href":"https:\/\/api.w.org\/{rel}","templated":true}]}}